{"id":181,"date":"2021-03-03T16:05:44","date_gmt":"2021-03-03T16:05:44","guid":{"rendered":"http:\/\/ecocarnescordoba.com.co\/?page_id=181"},"modified":"2021-03-23T20:05:24","modified_gmt":"2021-03-23T20:05:24","slug":"carniceria","status":"publish","type":"page","link":"https:\/\/ecocarnescordoba.com.co\/index.php\/carniceria\/","title":{"rendered":"CARNICERIA"},"content":{"rendered":"\t\t<div data-elementor-type=\"wp-page\" data-elementor-id=\"181\" class=\"elementor elementor-181\" data-elementor-settings=\"[]\">\n\t\t\t\t\t\t\t<div class=\"elementor-section-wrap\">\n\t\t\t\t\t\t\t<section class=\"elementor-section elementor-top-section elementor-element elementor-element-66e07716 elementor-section-content-middle elementor-section-boxed elementor-section-height-default elementor-section-height-default\" data-id=\"66e07716\" data-element_type=\"section\" data-settings=\"{&quot;background_background&quot;:&quot;classic&quot;}\">\n\t\t\t\t\t\t\t<div class=\"elementor-background-overlay\"><\/div>\n\t\t\t\t\t\t\t<div class=\"elementor-container elementor-column-gap-no\">\n\t\t\t\t\t<div class=\"elementor-column elementor-col-100 elementor-top-column elementor-element elementor-element-2370d37f\" data-id=\"2370d37f\" data-element_type=\"column\">\n\t\t\t<div class=\"elementor-widget-wrap elementor-element-populated\">\n\t\t\t\t\t\t\t\t<div class=\"elementor-element elementor-element-ceea376 elementor-widget elementor-widget-heading\" data-id=\"ceea376\" data-element_type=\"widget\" data-widget_type=\"heading.default\">\n\t\t\t\t<div class=\"elementor-widget-container\">\n\t\t\t<h4 class=\"elementor-heading-title elementor-size-default\">LOS MEJORES PRECIOS DE LA CIUDAD<\/h4>\t\t<\/div>\n\t\t\t\t<\/div>\n\t\t\t\t<div class=\"elementor-element elementor-element-2d629b6 elementor-widget elementor-widget-heading\" data-id=\"2d629b6\" data-element_type=\"widget\" data-widget_type=\"heading.default\">\n\t\t\t\t<div class=\"elementor-widget-container\">\n\t\t\t<h5 class=\"elementor-heading-title elementor-size-default\">\u00a1que es peras para hacer tu pedido!<\/h5>\t\t<\/div>\n\t\t\t\t<\/div>\n\t\t\t\t\t<\/div>\n\t\t<\/div>\n\t\t\t\t\t\t\t<\/div>\n\t\t<\/section>\n\t\t\t\t<section class=\"elementor-section elementor-top-section elementor-element elementor-element-1f1131c elementor-section-boxed elementor-section-height-default elementor-section-height-default\" data-id=\"1f1131c\" data-element_type=\"section\">\n\t\t\t\t\t\t<div class=\"elementor-container elementor-column-gap-default\">\n\t\t\t\t\t<div class=\"elementor-column elementor-col-100 elementor-top-column elementor-element elementor-element-fe45dcb\" data-id=\"fe45dcb\" data-element_type=\"column\">\n\t\t\t<div class=\"elementor-widget-wrap elementor-element-populated\">\n\t\t\t\t\t\t\t\t<div class=\"elementor-element elementor-element-b591c33 elementor-widget elementor-widget-spacer\" data-id=\"b591c33\" data-element_type=\"widget\" data-widget_type=\"spacer.default\">\n\t\t\t\t<div class=\"elementor-widget-container\">\n\t\t\t\t\t<div class=\"elementor-spacer\">\n\t\t\t<div class=\"elementor-spacer-inner\"><\/div>\n\t\t<\/div>\n\t\t\t\t<\/div>\n\t\t\t\t<\/div>\n\t\t\t\t\t<\/div>\n\t\t<\/div>\n\t\t\t\t\t\t\t<\/div>\n\t\t<\/section>\n\t\t\t\t<section class=\"elementor-section elementor-top-section elementor-element elementor-element-3b2b00f elementor-section-boxed elementor-section-height-default elementor-section-height-default\" data-id=\"3b2b00f\" data-element_type=\"section\">\n\t\t\t\t\t\t<div class=\"elementor-container elementor-column-gap-default\">\n\t\t\t\t\t<div class=\"elementor-column elementor-col-33 elementor-top-column elementor-element elementor-element-6ef29cd\" data-id=\"6ef29cd\" data-element_type=\"column\">\n\t\t\t<div class=\"elementor-widget-wrap elementor-element-populated\">\n\t\t\t\t\t\t\t\t<div class=\"elementor-element elementor-element-2758e1f elementor-widget elementor-widget-sidebar\" data-id=\"2758e1f\" data-element_type=\"widget\" data-widget_type=\"sidebar.default\">\n\t\t\t\t<div class=\"elementor-widget-container\">\n\t\t\t<div id=\"woocommerce_product_categories-2\" class=\"widget woocommerce widget_product_categories\"><h5>Categor\u00edas del producto<\/h5><select  name='product_cat' id='product_cat' class='dropdown_product_cat'>\n\t<option value='' selected='selected'>Select a category<\/option>\n\t<option class=\"level-0\" value=\"carnero\">CARNERO<\/option>\n\t<option class=\"level-0\" value=\"cerdo\">CERDO<\/option>\n\t<option class=\"level-0\" value=\"embutido\">EMBUTIDO<\/option>\n\t<option class=\"level-0\" value=\"encurtido\">ENCURTIDO<\/option>\n\t<option class=\"level-0\" value=\"gallina\">GALLINA<\/option>\n\t<option class=\"level-1\" value=\"congelado\">&nbsp;&nbsp;&nbsp;CONGELADO<\/option>\n\t<option class=\"level-0\" value=\"queso\">LACTEOS<\/option>\n\t<option class=\"level-1\" value=\"queso-queso\">&nbsp;&nbsp;&nbsp;QUESO<\/option>\n\t<option class=\"level-1\" value=\"suero\">&nbsp;&nbsp;&nbsp;SUERO<\/option>\n\t<option class=\"level-0\" value=\"pescado\">PESCADO<\/option>\n\t<option class=\"level-0\" value=\"polllo\">POLLLO<\/option>\n\t<option class=\"level-1\" value=\"congelado-polllo\">&nbsp;&nbsp;&nbsp;CONGELADO<\/option>\n\t<option class=\"level-0\" value=\"res\">RES<\/option>\n\t<option class=\"level-1\" value=\"madurada\">&nbsp;&nbsp;&nbsp;MADURADA<\/option>\n\t<option class=\"level-0\" value=\"uncategorized\">Uncategorized<\/option>\n\t<option class=\"level-0\" value=\"varios\">VARIOS<\/option>\n<\/select>\n<\/div><div id=\"search-4\" class=\"widget widget_search\"><form role=\"search\" method=\"get\" class=\"search-form\" action=\"https:\/\/ecocarnescordoba.com.co\/\">\n\t\t\t\t<label>\n\t\t\t\t\t<span class=\"screen-reader-text\">Buscar:<\/span>\n\t\t\t\t\t<input type=\"search\" class=\"search-field\" placeholder=\"Buscar &hellip;\" value=\"\" name=\"s\" \/>\n\t\t\t\t<\/label>\n\t\t\t\t<input type=\"submit\" class=\"search-submit\" value=\"Buscar\" \/>\n\t\t\t<\/form><\/div><div id=\"woocommerce_widget_cart-3\" class=\"widget woocommerce widget_shopping_cart\"><h5>Cart<\/h5><div class=\"widget_shopping_cart_content\"><\/div><\/div>\t\t<\/div>\n\t\t\t\t<\/div>\n\t\t\t\t\t<\/div>\n\t\t<\/div>\n\t\t\t\t<div class=\"elementor-column elementor-col-66 elementor-top-column elementor-element elementor-element-b70d39c\" data-id=\"b70d39c\" data-element_type=\"column\">\n\t\t\t<div class=\"elementor-widget-wrap elementor-element-populated\">\n\t\t\t\t\t\t\t\t<div class=\"elementor-element elementor-element-6c076df elementor-products-columns-4 elementor-products-grid elementor-wc-products elementor-show-pagination-border-yes elementor-widget elementor-widget-woocommerce-products\" data-id=\"6c076df\" data-element_type=\"widget\" data-widget_type=\"woocommerce-products.default\">\n\t\t\t\t<div class=\"elementor-widget-container\">\n\t\t\t<div class=\"woocommerce columns-4 \"><ul class=\"products columns-4\">\n<li class=\"product type-product post-746 status-publish first instock product_cat-cerdo has-post-thumbnail shipping-taxable purchasable product-type-variable\">\n\t\t\t    <a id=\"sendbtn\" href=\"https:\/\/web.whatsapp.com\/send?phone=573004289071&text=Hola%21+estoy+interesado+en+el+siguiente+producto.%0D%0A%0D%0A*TOCINO+GARRA*%0A*PRECIO:*%201,500&#36;%0D%0A%0D%0A\" title=\"Complete order on WhatsApp to buy TOCINO GARRA\" target=\"_blank\" class=\"button add_to_cart_button wa-shop-button product_type_variable\">\n\t\t    \tPEDIR POR WHATSAPP\t\t    <\/a>\n\t    <\/li>\n<li class=\"product type-product post-697 status-publish instock product_cat-pescado has-post-thumbnail shipping-taxable purchasable product-type-variable\">\n\t\t\t    <a id=\"sendbtn\" href=\"https:\/\/web.whatsapp.com\/send?phone=573004289071&text=Hola%21+estoy+interesado+en+el+siguiente+producto.%0D%0A%0D%0A*TILAPIA+ROJA*%0A*PRECIO:*%2019,000&#36;%0D%0A%0D%0A\" title=\"Complete order on WhatsApp to buy TILAPIA ROJA\" target=\"_blank\" class=\"button add_to_cart_button wa-shop-button product_type_variable\">\n\t\t    \tPEDIR POR WHATSAPP\t\t    <\/a>\n\t    <\/li>\n<li class=\"product type-product post-799 status-publish instock product_cat-queso product_cat-suero has-post-thumbnail shipping-taxable purchasable product-type-simple\">\n\t\t\t    <a id=\"sendbtn\" href=\"https:\/\/web.whatsapp.com\/send?phone=573004289071&text=Hola%21+estoy+interesado+en+el+siguiente+producto.%0D%0A%0D%0A*SUERO*%0A*PRECIO:*%202,500&#36;%0D%0A%0D%0A\" title=\"Complete order on WhatsApp to buy SUERO\" target=\"_blank\" class=\"button add_to_cart_button wa-shop-button product_type_simple\">\n\t\t    \tPEDIR POR WHATSAPP\t\t    <\/a>\n\t    <\/li>\n<li class=\"product type-product post-922 status-publish last instock product_cat-res has-post-thumbnail shipping-taxable purchasable product-type-variable\">\n\t\t\t    <a id=\"sendbtn\" href=\"https:\/\/web.whatsapp.com\/send?phone=573004289071&text=Hola%21+estoy+interesado+en+el+siguiente+producto.%0D%0A%0D%0A*SOBREBARRIGA+GRUESA*%0A*PRECIO:*%206,250&#36;%0D%0A%0D%0A\" title=\"Complete order on WhatsApp to buy SOBREBARRIGA GRUESA\" target=\"_blank\" class=\"button add_to_cart_button wa-shop-button product_type_variable\">\n\t\t    \tPEDIR POR WHATSAPP\t\t    <\/a>\n\t    <\/li>\n<li class=\"product type-product post-725 status-publish first instock product_cat-res has-post-thumbnail shipping-taxable purchasable product-type-variable\">\n\t\t\t    <a id=\"sendbtn\" href=\"https:\/\/web.whatsapp.com\/send?phone=573004289071&text=Hola%21+estoy+interesado+en+el+siguiente+producto.%0D%0A%0D%0A*SOBREBARRIGA+DELGADA*%0A*PRECIO:*%206,500&#36;%0D%0A%0D%0A\" title=\"Complete order on WhatsApp to buy SOBREBARRIGA DELGADA\" target=\"_blank\" class=\"button add_to_cart_button wa-shop-button product_type_variable\">\n\t\t    \tPEDIR POR WHATSAPP\t\t    <\/a>\n\t    <\/li>\n<li class=\"product type-product post-734 status-publish instock product_cat-res has-post-thumbnail shipping-taxable purchasable product-type-variable\">\n\t\t\t    <a id=\"sendbtn\" href=\"https:\/\/web.whatsapp.com\/send?phone=573004289071&text=Hola%21+estoy+interesado+en+el+siguiente+producto.%0D%0A%0D%0A*RI%C3%91ON*%0A*PRECIO:*%201,500&#36;%0D%0A%0D%0A\" title=\"Complete order on WhatsApp to buy RI\u00d1ON\" target=\"_blank\" class=\"button add_to_cart_button wa-shop-button product_type_variable\">\n\t\t    \tPEDIR POR WHATSAPP\t\t    <\/a>\n\t    <\/li>\n<li class=\"product type-product post-795 status-publish instock product_cat-res has-post-thumbnail shipping-taxable purchasable product-type-variable\">\n\t\t\t    <a id=\"sendbtn\" href=\"https:\/\/web.whatsapp.com\/send?phone=573004289071&text=Hola%21+estoy+interesado+en+el+siguiente+producto.%0D%0A%0D%0A*RABO*%0A*PRECIO:*%204,750&#36;%0D%0A%0D%0A\" title=\"Complete order on WhatsApp to buy RABO\" target=\"_blank\" class=\"button add_to_cart_button wa-shop-button product_type_variable\">\n\t\t    \tPEDIR POR WHATSAPP\t\t    <\/a>\n\t    <\/li>\n<li class=\"product type-product post-41 status-publish last instock product_cat-queso product_cat-queso-queso has-post-thumbnail shipping-taxable purchasable product-type-variable\">\n\t\t\t    <a id=\"sendbtn\" href=\"https:\/\/web.whatsapp.com\/send?phone=573004289071&text=Hola%21+estoy+interesado+en+el+siguiente+producto.%0D%0A%0D%0A*QUESO+COSTE%C3%91O*%0A*PRECIO:*%205,250&#36;%0D%0A%0D%0A\" title=\"Complete order on WhatsApp to buy QUESO COSTE\u00d1O\" target=\"_blank\" class=\"button add_to_cart_button wa-shop-button product_type_variable\">\n\t\t    \tPEDIR POR WHATSAPP\t\t    <\/a>\n\t    <\/li>\n<li class=\"product type-product post-1001 status-publish first instock product_cat-res has-post-thumbnail shipping-taxable purchasable product-type-variable\">\n\t\t\t    <a id=\"sendbtn\" href=\"https:\/\/web.whatsapp.com\/send?phone=573004289071&text=Hola%21+estoy+interesado+en+el+siguiente+producto.%0D%0A%0D%0A*PUNTA+DE+ANCA*%0A*PRECIO:*%208,750&#36;%0D%0A%0D%0A\" title=\"Complete order on WhatsApp to buy PUNTA DE ANCA\" target=\"_blank\" class=\"button add_to_cart_button wa-shop-button product_type_variable\">\n\t\t    \tPEDIR POR WHATSAPP\t\t    <\/a>\n\t    <\/li>\n<li class=\"product type-product post-708 status-publish instock product_cat-res has-post-thumbnail shipping-taxable purchasable product-type-variable\">\n\t\t\t    <a id=\"sendbtn\" href=\"https:\/\/web.whatsapp.com\/send?phone=573004289071&text=Hola%21+estoy+interesado+en+el+siguiente+producto.%0D%0A%0D%0A*POSTA*%0A*PRECIO:*%207,000&#36;%0D%0A%0D%0A\" title=\"Complete order on WhatsApp to buy POSTA\" target=\"_blank\" class=\"button add_to_cart_button wa-shop-button product_type_variable\">\n\t\t    \tPEDIR POR WHATSAPP\t\t    <\/a>\n\t    <\/li>\n<li class=\"product type-product post-764 status-publish instock product_cat-polllo has-post-thumbnail shipping-taxable purchasable product-type-variable\">\n\t\t\t    <a id=\"sendbtn\" href=\"https:\/\/web.whatsapp.com\/send?phone=573004289071&text=Hola%21+estoy+interesado+en+el+siguiente+producto.%0D%0A%0D%0A*POLLO+SEMICRIOLLO*%0A*PRECIO:*%2016,000&#36;%0D%0A%0D%0A\" title=\"Complete order on WhatsApp to buy POLLO SEMICRIOLLO\" target=\"_blank\" class=\"button add_to_cart_button wa-shop-button product_type_variable\">\n\t\t    \tPEDIR POR WHATSAPP\t\t    <\/a>\n\t    <\/li>\n<li class=\"product type-product post-810 status-publish last instock product_cat-carnero has-post-thumbnail shipping-taxable purchasable product-type-variable\">\n\t\t\t    <a id=\"sendbtn\" href=\"https:\/\/web.whatsapp.com\/send?phone=573004289071&text=Hola%21+estoy+interesado+en+el+siguiente+producto.%0D%0A%0D%0A*PIERNA+DE+CARNERO*%0A*PRECIO:*%2028,000&#36;%0D%0A%0D%0A\" title=\"Complete order on WhatsApp to buy PIERNA DE CARNERO\" target=\"_blank\" class=\"button add_to_cart_button wa-shop-button product_type_variable\">\n\t\t    \tPEDIR POR WHATSAPP\t\t    <\/a>\n\t    <\/li>\n<\/ul>\n<\/div>\t\t<\/div>\n\t\t\t\t<\/div>\n\t\t\t\t\t<\/div>\n\t\t<\/div>\n\t\t\t\t\t\t\t<\/div>\n\t\t<\/section>\n\t\t\t\t\t\t<\/div>\n\t\t\t\t\t<\/div>\n\t\t","protected":false},"excerpt":{"rendered":"<p>LOS MEJORES PRECIOS DE LA CIUDAD \u00a1que es peras para hacer tu pedido!<\/p>\n","protected":false},"author":1,"featured_media":0,"parent":0,"menu_order":0,"comment_status":"closed","ping_status":"closed","template":"elementor_header_footer","meta":{"spay_email":"","footnotes":""},"class_list":["post-181","page","type-page","status-publish","hentry"],"yoast_head":"<!-- This site is optimized with the Yoast SEO plugin v18.3 - https:\/\/yoast.com\/wordpress\/plugins\/seo\/ -->\n<title>CARNICERIA - ecocarnescordoba.com.co<\/title>\n<meta name=\"robots\" content=\"index, follow, max-snippet:-1, max-image-preview:large, max-video-preview:-1\" \/>\n<link rel=\"canonical\" href=\"https:\/\/ecocarnescordoba.com.co\/index.php\/carniceria\/\" \/>\n<meta property=\"og:locale\" content=\"es_ES\" \/>\n<meta property=\"og:type\" content=\"article\" \/>\n<meta property=\"og:title\" content=\"CARNICERIA - ecocarnescordoba.com.co\" \/>\n<meta property=\"og:description\" content=\"LOS MEJORES PRECIOS DE LA CIUDAD \u00a1que es peras para hacer tu pedido!\" \/>\n<meta property=\"og:url\" content=\"https:\/\/ecocarnescordoba.com.co\/index.php\/carniceria\/\" \/>\n<meta property=\"og:site_name\" content=\"ecocarnescordoba.com.co\" \/>\n<meta property=\"article:modified_time\" content=\"2021-03-23T20:05:24+00:00\" \/>\n<meta name=\"twitter:card\" content=\"summary_large_image\" \/>\n<script type=\"application\/ld+json\" class=\"yoast-schema-graph\">{\"@context\":\"https:\/\/schema.org\",\"@graph\":[{\"@type\":\"WebSite\",\"@id\":\"https:\/\/ecocarnescordoba.com.co\/#website\",\"url\":\"https:\/\/ecocarnescordoba.com.co\/\",\"name\":\"ecocarnescordoba.com.co\",\"description\":\"carnicer\u00eda en monter\u00eda c\u00f3rdoba\",\"potentialAction\":[{\"@type\":\"SearchAction\",\"target\":{\"@type\":\"EntryPoint\",\"urlTemplate\":\"https:\/\/ecocarnescordoba.com.co\/?s={search_term_string}\"},\"query-input\":\"required name=search_term_string\"}],\"inLanguage\":\"es\"},{\"@type\":\"WebPage\",\"@id\":\"https:\/\/ecocarnescordoba.com.co\/index.php\/carniceria\/#webpage\",\"url\":\"https:\/\/ecocarnescordoba.com.co\/index.php\/carniceria\/\",\"name\":\"CARNICERIA - ecocarnescordoba.com.co\",\"isPartOf\":{\"@id\":\"https:\/\/ecocarnescordoba.com.co\/#website\"},\"datePublished\":\"2021-03-03T16:05:44+00:00\",\"dateModified\":\"2021-03-23T20:05:24+00:00\",\"breadcrumb\":{\"@id\":\"https:\/\/ecocarnescordoba.com.co\/index.php\/carniceria\/#breadcrumb\"},\"inLanguage\":\"es\",\"potentialAction\":[{\"@type\":\"ReadAction\",\"target\":[\"https:\/\/ecocarnescordoba.com.co\/index.php\/carniceria\/\"]}]},{\"@type\":\"BreadcrumbList\",\"@id\":\"https:\/\/ecocarnescordoba.com.co\/index.php\/carniceria\/#breadcrumb\",\"itemListElement\":[{\"@type\":\"ListItem\",\"position\":1,\"name\":\"Portada\",\"item\":\"https:\/\/ecocarnescordoba.com.co\/\"},{\"@type\":\"ListItem\",\"position\":2,\"name\":\"CARNICERIA\"}]}]}<\/script>\n<!-- \/ Yoast SEO plugin. -->","yoast_head_json":{"title":"CARNICERIA - ecocarnescordoba.com.co","robots":{"index":"index","follow":"follow","max-snippet":"max-snippet:-1","max-image-preview":"max-image-preview:large","max-video-preview":"max-video-preview:-1"},"canonical":"https:\/\/ecocarnescordoba.com.co\/index.php\/carniceria\/","og_locale":"es_ES","og_type":"article","og_title":"CARNICERIA - ecocarnescordoba.com.co","og_description":"LOS MEJORES PRECIOS DE LA CIUDAD \u00a1que es peras para hacer tu pedido!","og_url":"https:\/\/ecocarnescordoba.com.co\/index.php\/carniceria\/","og_site_name":"ecocarnescordoba.com.co","article_modified_time":"2021-03-23T20:05:24+00:00","twitter_card":"summary_large_image","schema":{"@context":"https:\/\/schema.org","@graph":[{"@type":"WebSite","@id":"https:\/\/ecocarnescordoba.com.co\/#website","url":"https:\/\/ecocarnescordoba.com.co\/","name":"ecocarnescordoba.com.co","description":"carnicer\u00eda en monter\u00eda c\u00f3rdoba","potentialAction":[{"@type":"SearchAction","target":{"@type":"EntryPoint","urlTemplate":"https:\/\/ecocarnescordoba.com.co\/?s={search_term_string}"},"query-input":"required name=search_term_string"}],"inLanguage":"es"},{"@type":"WebPage","@id":"https:\/\/ecocarnescordoba.com.co\/index.php\/carniceria\/#webpage","url":"https:\/\/ecocarnescordoba.com.co\/index.php\/carniceria\/","name":"CARNICERIA - ecocarnescordoba.com.co","isPartOf":{"@id":"https:\/\/ecocarnescordoba.com.co\/#website"},"datePublished":"2021-03-03T16:05:44+00:00","dateModified":"2021-03-23T20:05:24+00:00","breadcrumb":{"@id":"https:\/\/ecocarnescordoba.com.co\/index.php\/carniceria\/#breadcrumb"},"inLanguage":"es","potentialAction":[{"@type":"ReadAction","target":["https:\/\/ecocarnescordoba.com.co\/index.php\/carniceria\/"]}]},{"@type":"BreadcrumbList","@id":"https:\/\/ecocarnescordoba.com.co\/index.php\/carniceria\/#breadcrumb","itemListElement":[{"@type":"ListItem","position":1,"name":"Portada","item":"https:\/\/ecocarnescordoba.com.co\/"},{"@type":"ListItem","position":2,"name":"CARNICERIA"}]}]}},"_links":{"self":[{"href":"https:\/\/ecocarnescordoba.com.co\/index.php\/wp-json\/wp\/v2\/pages\/181","targetHints":{"allow":["GET"]}}],"collection":[{"href":"https:\/\/ecocarnescordoba.com.co\/index.php\/wp-json\/wp\/v2\/pages"}],"about":[{"href":"https:\/\/ecocarnescordoba.com.co\/index.php\/wp-json\/wp\/v2\/types\/page"}],"author":[{"embeddable":true,"href":"https:\/\/ecocarnescordoba.com.co\/index.php\/wp-json\/wp\/v2\/users\/1"}],"replies":[{"embeddable":true,"href":"https:\/\/ecocarnescordoba.com.co\/index.php\/wp-json\/wp\/v2\/comments?post=181"}],"version-history":[{"count":19,"href":"https:\/\/ecocarnescordoba.com.co\/index.php\/wp-json\/wp\/v2\/pages\/181\/revisions"}],"predecessor-version":[{"id":1118,"href":"https:\/\/ecocarnescordoba.com.co\/index.php\/wp-json\/wp\/v2\/pages\/181\/revisions\/1118"}],"wp:attachment":[{"href":"https:\/\/ecocarnescordoba.com.co\/index.php\/wp-json\/wp\/v2\/media?parent=181"}],"curies":[{"name":"wp","href":"https:\/\/api.w.org\/{rel}","templated":true}]}}